{"id":325,"date":"2014-12-09T11:39:35","date_gmt":"2014-12-09T09:39:35","guid":{"rendered":"http:\/\/localhost\/wordpress\/?page_id=325"},"modified":"2021-08-30T15:00:00","modified_gmt":"2021-08-30T13:00:00","slug":"treneri","status":"publish","type":"page","link":"https:\/\/www.vk-korana.hr\/?page_id=325","title":{"rendered":"TRENERI"},"content":{"rendered":"<p style=\"text-align: center;\"><img loading=\"lazy\" decoding=\"async\" class=\"aligncenter wp-image-327\" src=\"http:\/\/www.vk-korana.hr\/wordpress\/wp-content\/uploads\/2014\/06\/minja.jpg\" alt=\"minja\" width=\"178\" height=\"183\"><br \/>\nZlatko Katu\u0161in<\/p>\n<p style=\"text-align: center;\">Glavni trener u VK \u201cKorana\u201d, trener regatnih vesla\u010da.<\/p>\n<p style=\"text-align: center;\">Mobitel: 091\/528-1394<\/p>\n<p style=\"text-align: center;\"><a href=\"http:\/\/www.vk-korana.hr\/wordpress\/wp-content\/uploads\/2018\/02\/d-sabic.jpg\"><img loading=\"lazy\" decoding=\"async\" class=\"aligncenter wp-image-8912\" src=\"http:\/\/www.vk-korana.hr\/wordpress\/wp-content\/uploads\/2018\/02\/d-sabic-258x300.jpg\" alt=\"d-sabic\" width=\"205\" height=\"238\" srcset=\"https:\/\/www.vk-korana.hr\/wordpress\/wp-content\/uploads\/2018\/02\/d-sabic-258x300.jpg 258w, https:\/\/www.vk-korana.hr\/wordpress\/wp-content\/uploads\/2018\/02\/d-sabic.jpg 690w\" sizes=\"auto, (max-width: 205px) 100vw, 205px\" \/><\/a><\/p>\n<p style=\"text-align: center;\">Dario \u0160abi\u0107<\/p>\n<p style=\"text-align: center;\">Trener VK &#8220;Korana&#8221;, trener \u0161kole veslanja<\/p>\n<p style=\"text-align: center;\">&nbsp;<\/p>\n<p><img loading=\"lazy\" decoding=\"async\" class=\"alignnone size-thumbnail wp-image-10601 aligncenter\" src=\"http:\/\/www.vk-korana.hr\/wordpress\/wp-content\/uploads\/2021\/08\/Abi-150x150.png\" alt=\"\" width=\"150\" height=\"150\"><\/p>\n<p style=\"text-align: center;\">Abdulah Selimovi\u0107<\/p>\n<p style=\"text-align: center;\">Trener \u0161kole veslanja, kondicijski trener<\/p>\n<h3 class=\"r\"><a href=\"https:\/\/www.google.hr\/url?sa=t&amp;source=web&amp;cd=1&amp;ved=0ahUKEwiu_beUlNrZAhURlxQKHRj7A0cQFggmMAA&amp;url=http%3A%2F%2Fwww.vk-korana.hr%2F&amp;usg=AOvVaw1TOIFrIqtKlF4wSzn8KVMJ\">Vesla\u010dki klub Korana<\/a><\/h3>\n","protected":false},"excerpt":{"rendered":"<p>Zlatko Katu\u0161in Glavni trener u VK \u201cKorana\u201d, trener regatnih vesla\u010da. Mobitel: 091\/528-1394 Dario \u0160abi\u0107 Trener VK &#8220;Korana&#8221;, trener \u0161kole veslanja &nbsp; Abdulah Selimovi\u0107 Trener \u0161kole veslanja, kondicijski trener Vesla\u010dki klub Korana<\/p>\n","protected":false},"author":1,"featured_media":0,"parent":0,"menu_order":0,"comment_status":"closed","ping_status":"closed","template":"","meta":{"ngg_post_thumbnail":0,"footnotes":""},"class_list":["post-325","page","type-page","status-publish","hentry","description-off"],"_links":{"self":[{"href":"https:\/\/www.vk-korana.hr\/index.php?rest_route=\/wp\/v2\/pages\/325","targetHints":{"allow":["GET"]}}],"collection":[{"href":"https:\/\/www.vk-korana.hr\/index.php?rest_route=\/wp\/v2\/pages"}],"about":[{"href":"https:\/\/www.vk-korana.hr\/index.php?rest_route=\/wp\/v2\/types\/page"}],"author":[{"embeddable":true,"href":"https:\/\/www.vk-korana.hr\/index.php?rest_route=\/wp\/v2\/users\/1"}],"replies":[{"embeddable":true,"href":"https:\/\/www.vk-korana.hr\/index.php?rest_route=%2Fwp%2Fv2%2Fcomments&post=325"}],"version-history":[{"count":12,"href":"https:\/\/www.vk-korana.hr\/index.php?rest_route=\/wp\/v2\/pages\/325\/revisions"}],"predecessor-version":[{"id":10603,"href":"https:\/\/www.vk-korana.hr\/index.php?rest_route=\/wp\/v2\/pages\/325\/revisions\/10603"}],"wp:attachment":[{"href":"https:\/\/www.vk-korana.hr\/index.php?rest_route=%2Fwp%2Fv2%2Fmedia&parent=325"}],"curies":[{"name":"wp","href":"https:\/\/api.w.org\/{rel}","templated":true}]}}

<p style="text-align: center;"><img loading="lazy" decoding="async" class="aligncenter wp-image-327" src="http://www.vk-korana.hr/wordpress/wp-content/uploads/2014/06/minja.jpg" alt="minja" width="178" height="183"><br />
Zlatko Katušin</p>
<p style="text-align: center;">Glavni trener u VK “Korana”, trener regatnih veslača.</p>
<p style="text-align: center;">Mobitel: 091/528-1394</p>
<p style="text-align: center;"><a href="http://www.vk-korana.hr/wordpress/wp-content/uploads/2018/02/d-sabic.jpg"><img loading="lazy" decoding="async" class="aligncenter wp-image-8912" src="http://www.vk-korana.hr/wordpress/wp-content/uploads/2018/02/d-sabic-258x300.jpg" alt="d-sabic" width="205" height="238" srcset="https://www.vk-korana.hr/wordpress/wp-content/uploads/2018/02/d-sabic-258x300.jpg 258w, https://www.vk-korana.hr/wordpress/wp-content/uploads/2018/02/d-sabic.jpg 690w" sizes="auto, (max-width: 205px) 100vw, 205px" /></a></p>
<p style="text-align: center;">Dario Šabić</p>
<p style="text-align: center;">Trener VK &#8220;Korana&#8221;, trener škole veslanja</p>
<p style="text-align: center;">&nbsp;</p>
<p><img loading="lazy" decoding="async" class="alignnone size-thumbnail wp-image-10601 aligncenter" src="http://www.vk-korana.hr/wordpress/wp-content/uploads/2021/08/Abi-150x150.png" alt="" width="150" height="150"></p>
<p style="text-align: center;">Abdulah Selimović</p>
<p style="text-align: center;">Trener škole veslanja, kondicijski trener</p>
<h3 class="r"><a href="https://www.google.hr/url?sa=t&amp;source=web&amp;cd=1&amp;ved=0ahUKEwiu_beUlNrZAhURlxQKHRj7A0cQFggmMAA&amp;url=http%3A%2F%2Fwww.vk-korana.hr%2F&amp;usg=AOvVaw1TOIFrIqtKlF4wSzn8KVMJ">Veslački klub Korana</a></h3>

<p>Zlatko Katušin Glavni trener u VK “Korana”, trener regatnih veslača. Mobitel: 091/528-1394 Dario Šabić Trener VK &#8220;Korana&#8221;, trener škole veslanja &nbsp; Abdulah Selimović Trener škole veslanja, kondicijski trener Veslački klub Korana</p>
