{"id":6779,"date":"2014-12-11T08:59:14","date_gmt":"2014-12-11T06:59:14","guid":{"rendered":"http:\/\/www.vk-korana.hr\/wordpress\/?page_id=6779"},"modified":"2025-01-10T20:49:32","modified_gmt":"2025-01-10T18:49:32","slug":"skola-veslanja","status":"publish","type":"page","link":"https:\/\/www.vk-korana.hr\/?page_id=6779","title":{"rendered":"\u0160KOLA VESLANJA"},"content":{"rendered":"<blockquote>\n<p>Treninzi \u0161kole veslanja odr\u017eavaju se ponedjeljak, srijeda i petak u 18:00 i 19:30, a subotom u 10:30!!!<\/p>\n<\/blockquote>\n<p>Svi zainteresirani u\u010denici V &#8211; VIII razreda osnovnih \u0161kola Karlovca, mogu se prijaviti u \u0160kolu veslanja VK Korana. \u010clanarina u \u0161koli veslanja iznosi 20,00 EUR mjese\u010dno. Sve informacije vezano za \u0161kolu veslanja mogu se dobiti u vrijeme treninga u Vesla\u010dkom domu ili na broj telefona <a dir=\"ltr\" style=\"color: currentcolor;\" href=\"tel:091\/5381394;091\">091\/5381394 <\/a>.<\/p>\n\n\n<figure class=\"wp-block-image size-large\"><img loading=\"lazy\" decoding=\"async\" width=\"724\" height=\"1024\" src=\"https:\/\/www.vk-korana.hr\/wordpress\/wp-content\/uploads\/2025\/01\/Veslacki-klub-Korana-1-5-724x1024.png\" alt=\"\" class=\"wp-image-12084\" srcset=\"https:\/\/www.vk-korana.hr\/wordpress\/wp-content\/uploads\/2025\/01\/Veslacki-klub-Korana-1-5-724x1024.png 724w, https:\/\/www.vk-korana.hr\/wordpress\/wp-content\/uploads\/2025\/01\/Veslacki-klub-Korana-1-5-212x300.png 212w, https:\/\/www.vk-korana.hr\/wordpress\/wp-content\/uploads\/2025\/01\/Veslacki-klub-Korana-1-5-768x1086.png 768w, https:\/\/www.vk-korana.hr\/wordpress\/wp-content\/uploads\/2025\/01\/Veslacki-klub-Korana-1-5-1086x1536.png 1086w, https:\/\/www.vk-korana.hr\/wordpress\/wp-content\/uploads\/2025\/01\/Veslacki-klub-Korana-1-5.png 1414w\" sizes=\"auto, (max-width: 724px) 100vw, 724px\" \/><\/figure>\n","protected":false},"excerpt":{"rendered":"<p>Treninzi \u0161kole veslanja odr\u017eavaju se ponedjeljak, srijeda i petak u 18:00 i 19:30, a subotom u 10:30!!! Svi zainteresirani u\u010denici V &#8211; VIII razreda osnovnih \u0161kola Karlovca, mogu se prijaviti u \u0160kolu veslanja VK Korana. \u010clanarina u \u0161koli veslanja iznosi 20,00 EUR mjese\u010dno. Sve informacije vezano za \u0161kolu veslanja mogu se dobiti u vrijeme treninga&hellip;<\/p>\n","protected":false},"author":1,"featured_media":0,"parent":0,"menu_order":0,"comment_status":"closed","ping_status":"closed","template":"","meta":{"ngg_post_thumbnail":0,"footnotes":""},"class_list":["post-6779","page","type-page","status-publish","hentry","description-off"],"_links":{"self":[{"href":"https:\/\/www.vk-korana.hr\/index.php?rest_route=\/wp\/v2\/pages\/6779","targetHints":{"allow":["GET"]}}],"collection":[{"href":"https:\/\/www.vk-korana.hr\/index.php?rest_route=\/wp\/v2\/pages"}],"about":[{"href":"https:\/\/www.vk-korana.hr\/index.php?rest_route=\/wp\/v2\/types\/page"}],"author":[{"embeddable":true,"href":"https:\/\/www.vk-korana.hr\/index.php?rest_route=\/wp\/v2\/users\/1"}],"replies":[{"embeddable":true,"href":"https:\/\/www.vk-korana.hr\/index.php?rest_route=%2Fwp%2Fv2%2Fcomments&post=6779"}],"version-history":[{"count":252,"href":"https:\/\/www.vk-korana.hr\/index.php?rest_route=\/wp\/v2\/pages\/6779\/revisions"}],"predecessor-version":[{"id":12085,"href":"https:\/\/www.vk-korana.hr\/index.php?rest_route=\/wp\/v2\/pages\/6779\/revisions\/12085"}],"wp:attachment":[{"href":"https:\/\/www.vk-korana.hr\/index.php?rest_route=%2Fwp%2Fv2%2Fmedia&parent=6779"}],"curies":[{"name":"wp","href":"https:\/\/api.w.org\/{rel}","templated":true}]}}